{"id":34,"date":"2013-08-12T13:54:11","date_gmt":"2013-08-12T11:54:11","guid":{"rendered":"http:\/\/bonyhad.seijin.hu\/?page_id=34"},"modified":"2021-01-23T21:50:24","modified_gmt":"2021-01-23T19:50:24","slug":"tudnivalok-jelentkezoknek","status":"publish","type":"page","link":"https:\/\/szekszard.seijin.hu\/?page_id=34","title":{"rendered":"Tudnival\u00f3k jelentkez\u0151knek"},"content":{"rendered":"<p style=\"text-align: justify;\">Amennyiben kedvet kapt\u00e1l az edz\u00e9shez, az <a title=\"El\u00e9rhet\u0151s\u00e9g\" href=\"http:\/\/bonyhad.seijin.hu\/elerhetoseg\/\">el\u00e9rhet\u0151s\u00e9g<\/a> men\u00fcpontban szerepl\u0151 <em>b\u00e1rmelyik f\u00f3rumon felveheted vel\u00fcnk a kapcsolatot.<\/em><\/p>\n<p>Aj\u00e1nlok figyelmedbe a v\u00e1laszt\u00e1s el\u0151tt <a href=\"https:\/\/seijin.hu\/bujinkan\/hogyan-valassz-edzotermet\/\">n\u00e9h\u00e1ny fontos inform\u00e1ci\u00f3t.<\/a><\/p>\n<p style=\"text-align: justify;\">Ha r\u00e9szt is szeretn\u00e9l venni az edz\u00e9sen, aj\u00e1nlatos hoznod magaddal <em>olyan ruh\u00e1t, amit nem sajn\u00e1lsz<\/em>, ha koszos lesz vagy elszakad, aj\u00e1nlott valamilyen s\u00f6t\u00e9tebb ruhadarab (a fekete az optim\u00e1lis) de nem k\u00f6telez\u0151. Gi, azaz edz\u0151ruha visel\u00e9se csak a 10. kyu-s \u00f6vvizsga ut\u00e1n k\u00f6telez\u0151 a feh\u00e9r \u00f6vvel.<\/p>\n<p style=\"text-align: justify;\">Edz\u00e9s el\u0151tt egy \u00f3r\u00e1val m\u00e1r ne nagyon egy\u00e9l, valamint k\u00f6zvetlen edz\u00e9s el\u0151tt sokat inni sem aj\u00e1nlatos. (tekintve, hogy az els\u0151 edz\u00e9seken a gurul\u00e1sokkal \u00e9s az es\u00e9sekkel fogsz t\u00f6bbek k\u00f6z\u00f6tt megismerkedni)<\/p>\n<p style=\"text-align: justify;\">A s\u00e9r\u00fcl\u00e9sek vesz\u00e9ly\u00e9t megpr\u00f3b\u00e1ljuk a legkisebbre cs\u00f6kkenteni, de term\u00e9szetesen az edz\u00e9s jelleg\u00e9n\u00e9l fogva kiz\u00e1rni nem lehet. Ez\u00e9rt mindenki a saj\u00e1t felel\u0151ss\u00e9g\u00e9re vesz r\u00e9szt az edz\u00e9seken, valamint a fentiek miatt a<em> 18 \u00e9v alattiak csatlakoz\u00e1s\u00e1hoz sz\u00fcl\u0151i hozz\u00e1j\u00e1rul\u00e1s sz\u00fcks\u00e9ges.<\/em><\/p>\n<p style=\"text-align: justify;\">Az <em>edz\u00e9sd\u00edj<\/em> az al\u00e1bbiak szerint alakul, v\u00e1laszthat\u00f3an (a d\u00edjak a Ganbatte Hajr\u00e1 Sport Egyes\u00fclet r\u00e9sz\u00e9re ker\u00fclnek \u00e1tutal\u00e1sra, a befolyt \u00f6sszeg a csapatnak sz\u00fcks\u00e9ges eszk\u00f6z\u00f6k beszerz\u00e9s\u00e9re, illetve az oktat\u00e1s fejleszt\u00e9s\u00e9re lesz ford\u00edtva): havi b\u00e9rlet 5.000.- Ft\/h\u00f3 (heti k\u00e9t edz\u00e9slehet\u0151s\u00e9get takar); 10 alkalmas b\u00e9rlet: 6.000.- Ft (3 h\u00f3napon kereszt\u00fcl lehet lej\u00e1rni) illetve 1000.- Ft\/alkalom. Ezen fel\u00fcl, ha indul Szeksz\u00e1rdon edz\u00e9s, a t\u00e9li id\u0151szakban teremb\u00e9rleti d\u00edjat kell majd fizetn\u00fcnk.<\/p>\n<p style=\"text-align: justify;\">Ha b\u00e1rmivel kapcsolatban nem tal\u00e1lsz a honlapon v\u00e1laszt, <em>k\u00e9rdezd meg b\u00e1tran<\/em>!<\/p>\n<div>\n<figure id=\"attachment_51\" aria-describedby=\"caption-attachment-51\" style=\"width: 640px\" class=\"wp-caption aligncenter\"><a href=\"http:\/\/bonyhad.seijin.hu\/tartalom\/uploads\/2013\/08\/ninjahatsumihonbu.jpg\"><img loading=\"lazy\" decoding=\"async\" class=\"size-full wp-image-51\" src=\"http:\/\/bonyhad.seijin.hu\/tartalom\/uploads\/2013\/08\/ninjahatsumihonbu.jpg\" alt=\"Hatsumi Soke a Honbu Dojo-ban Jap\u00e1nban\" width=\"640\" height=\"321\" srcset=\"https:\/\/szekszard.seijin.hu\/tartalom\/uploads\/2013\/08\/ninjahatsumihonbu.jpg 640w, https:\/\/szekszard.seijin.hu\/tartalom\/uploads\/2013\/08\/ninjahatsumihonbu-300x150.jpg 300w\" sizes=\"auto, (max-width: 640px) 100vw, 640px\" \/><\/a><figcaption id=\"caption-attachment-51\" class=\"wp-caption-text\">Hatsumi Soke a Honbu Dojo-ban Jap\u00e1nban<\/figcaption><\/figure>\n<\/div>\n","protected":false},"excerpt":{"rendered":"<p>Amennyiben kedvet kapt\u00e1l az edz\u00e9shez, az el\u00e9rhet\u0151s\u00e9g men\u00fcpontban szerepl\u0151 b\u00e1rmelyik f\u00f3rumon felveheted vel\u00fcnk a kapcsolatot. Aj\u00e1nlok figyelmedbe a v\u00e1laszt\u00e1s el\u0151tt n\u00e9h\u00e1ny fontos inform\u00e1ci\u00f3t. Ha r\u00e9szt is szeretn\u00e9l venni az edz\u00e9sen, aj\u00e1nlatos hoznod magaddal olyan ruh\u00e1t, amit nem sajn\u00e1lsz, ha koszos lesz vagy elszakad, aj\u00e1nlott valamilyen s\u00f6t\u00e9tebb ruhadarab (a fekete az optim\u00e1lis) de nem k\u00f6telez\u0151. Gi, [&hellip;]<\/p>\n","protected":false},"author":2,"featured_media":0,"parent":0,"menu_order":4,"comment_status":"closed","ping_status":"open","template":"","meta":{"ngg_post_thumbnail":0,"footnotes":""},"class_list":["post-34","page","type-page","status-publish","hentry"],"_links":{"self":[{"href":"https:\/\/szekszard.seijin.hu\/index.php?rest_route=\/wp\/v2\/pages\/34","targetHints":{"allow":["GET"]}}],"collection":[{"href":"https:\/\/szekszard.seijin.hu\/index.php?rest_route=\/wp\/v2\/pages"}],"about":[{"href":"https:\/\/szekszard.seijin.hu\/index.php?rest_route=\/wp\/v2\/types\/page"}],"author":[{"embeddable":true,"href":"https:\/\/szekszard.seijin.hu\/index.php?rest_route=\/wp\/v2\/users\/2"}],"replies":[{"embeddable":true,"href":"https:\/\/szekszard.seijin.hu\/index.php?rest_route=%2Fwp%2Fv2%2Fcomments&post=34"}],"version-history":[{"count":11,"href":"https:\/\/szekszard.seijin.hu\/index.php?rest_route=\/wp\/v2\/pages\/34\/revisions"}],"predecessor-version":[{"id":295,"href":"https:\/\/szekszard.seijin.hu\/index.php?rest_route=\/wp\/v2\/pages\/34\/revisions\/295"}],"wp:attachment":[{"href":"https:\/\/szekszard.seijin.hu\/index.php?rest_route=%2Fwp%2Fv2%2Fmedia&parent=34"}],"curies":[{"name":"wp","href":"https:\/\/api.w.org\/{rel}","templated":true}]}}