{"id":11,"date":"2013-08-12T12:48:19","date_gmt":"2013-08-12T10:48:19","guid":{"rendered":"http:\/\/bonyhad.seijin.hu\/?page_id=11"},"modified":"2022-10-17T22:43:08","modified_gmt":"2022-10-17T20:43:08","slug":"a-ninjak-harcmuveszete-bonyhadon","status":"publish","type":"page","link":"https:\/\/szekszard.seijin.hu\/","title":{"rendered":""},"content":{"rendered":"<h3><strong>Kedves L\u00e1togat\u00f3!<\/strong><\/h3>\n<div>\n<h4><strong>\u00dcdv\u00f6z\u00f6llek a Seijin Dojo szeksz\u00e1rdi edz\u00e9shelysz\u00edn\u00e9nek honlapj\u00e1n!<\/strong><\/h4>\n<h4><strong>A honlap kor\u00e1bban a bonyh\u00e1di edz\u00e9sekr\u0151l adott inform\u00e1ci\u00f3t. Bonyh\u00e1don befejez\u0151d\u00f6tt az edz\u00e9s. Ha Szeksz\u00e1rdon szeretn\u00e9l edzeni, jelentkezz b\u00e1tran.<\/strong><\/h4>\n<\/div>\n<p style=\"text-align: justify;\">Mi a<em> budapesti Seijin Dojohoz<\/em> tartozva a <em>Bujinkan Budo Taijutsu<\/em> nev\u0171 jap\u00e1n harcm\u0171v\u00e9szetet gyakoroljuk. A Bujinkan egy vil\u00e1gszervezet, amely a <em>dr. Hatsumi Masaaki<\/em> nagymester hozott l\u00e9tre \u00e9s 9 jap\u00e1n (szamur\u00e1j \u00e9s ninja) harcm\u0171v\u00e9szeti iskol\u00e1t fog \u00f6ssze. Err\u0151l b\u0151vebben a <a href=\"https:\/\/seijin.hu\/bujinkan\/\">budapesti Bujinkan Seijin D\u014dj\u014d hivatalos honlapj\u00e1n<\/a> olvashatsz.<\/p>\n<p style=\"text-align: justify;\">Ha Szeksz\u00e1rdon vagy a k\u00f6rny\u00e9ken \u00e9lsz \u00e9s meg szeretn\u00e9d ismerni a saj\u00e1t rejtett k\u00e9pess\u00e9geidet, fel szeretn\u00e9d fedezni a <em>ninj\u00e1k \u00e9s a szamur\u00e1jok hagyom\u00e1nyait<\/em>, ezzel <em>hat\u00e1sos \u00f6nv\u00e9delmi tud\u00e1sra<\/em> is szert t\u00e9ve, valamint kitart\u00f3 \u00e9s elk\u00f6telezett vagy a fejl\u0151d\u00e9sed ir\u00e1nt, akko<span style=\"line-height: 1.5;\">r<\/span><a title=\"El\u00e9rhet\u0151s\u00e9g\" href=\"http:\/\/bonyhad.seijin.hu\/elerhetoseg\/\"><span style=\"line-height: 1.5;\">&nbsp;<\/span><span style=\"line-height: 1.5;\">jelentkezz b\u00e1tran!<\/span><\/a><\/p>\n<div><img loading=\"lazy\" decoding=\"async\" class=\"aligncenter size-medium wp-image-60\" src=\"http:\/\/bonyhad.seijin.hu\/tartalom\/uploads\/2013\/08\/bujin-300x300.jpg\" alt=\"bujin\" width=\"300\" height=\"300\" srcset=\"https:\/\/szekszard.seijin.hu\/tartalom\/uploads\/2013\/08\/bujin-300x300.jpg 300w, https:\/\/szekszard.seijin.hu\/tartalom\/uploads\/2013\/08\/bujin-150x150.jpg 150w, https:\/\/szekszard.seijin.hu\/tartalom\/uploads\/2013\/08\/bujin.jpg 600w\" sizes=\"auto, (max-width: 300px) 100vw, 300px\" \/><\/div>\n","protected":false},"excerpt":{"rendered":"<p>Kedves L\u00e1togat\u00f3! \u00dcdv\u00f6z\u00f6llek a Seijin Dojo szeksz\u00e1rdi edz\u00e9shelysz\u00edn\u00e9nek honlapj\u00e1n! A honlap kor\u00e1bban a bonyh\u00e1di edz\u00e9sekr\u0151l adott inform\u00e1ci\u00f3t. Bonyh\u00e1don befejez\u0151d\u00f6tt az edz\u00e9s. Ha Szeksz\u00e1rdon szeretn\u00e9l edzeni, jelentkezz b\u00e1tran. Mi a budapesti Seijin Dojohoz tartozva a Bujinkan Budo Taijutsu nev\u0171 jap\u00e1n harcm\u0171v\u00e9szetet gyakoroljuk. A Bujinkan egy vil\u00e1gszervezet, amely a dr. Hatsumi Masaaki nagymester hozott l\u00e9tre \u00e9s 9 [&hellip;]<\/p>\n","protected":false},"author":2,"featured_media":0,"parent":0,"menu_order":0,"comment_status":"closed","ping_status":"open","template":"","meta":{"ngg_post_thumbnail":0,"footnotes":""},"class_list":["post-11","page","type-page","status-publish","hentry"],"_links":{"self":[{"href":"https:\/\/szekszard.seijin.hu\/index.php?rest_route=\/wp\/v2\/pages\/11","targetHints":{"allow":["GET"]}}],"collection":[{"href":"https:\/\/szekszard.seijin.hu\/index.php?rest_route=\/wp\/v2\/pages"}],"about":[{"href":"https:\/\/szekszard.seijin.hu\/index.php?rest_route=\/wp\/v2\/types\/page"}],"author":[{"embeddable":true,"href":"https:\/\/szekszard.seijin.hu\/index.php?rest_route=\/wp\/v2\/users\/2"}],"replies":[{"embeddable":true,"href":"https:\/\/szekszard.seijin.hu\/index.php?rest_route=%2Fwp%2Fv2%2Fcomments&post=11"}],"version-history":[{"count":22,"href":"https:\/\/szekszard.seijin.hu\/index.php?rest_route=\/wp\/v2\/pages\/11\/revisions"}],"predecessor-version":[{"id":344,"href":"https:\/\/szekszard.seijin.hu\/index.php?rest_route=\/wp\/v2\/pages\/11\/revisions\/344"}],"wp:attachment":[{"href":"https:\/\/szekszard.seijin.hu\/index.php?rest_route=%2Fwp%2Fv2%2Fmedia&parent=11"}],"curies":[{"name":"wp","href":"https:\/\/api.w.org\/{rel}","templated":true}]}}